mmon factor of 1398 and 179081470.
466
What is the highest common divisor of 54206208 and 312?
24
Calculate the greatest common factor of 3924600 and 116.
4
What is the greatest common divisor of 6420 and 2461856?
428
Calculate the highest common factor of 205 and 1026038735.
205
What is the greatest common factor of 115188020 and 20?
20
Calculate the greatest common factor of 37224 and 90.
18
What is the greatest common divisor of 222822990 and 780?
390
What is the greatest common factor of 162132405 and 355?
355
What is the highest common factor of 6140965 and 65?
5
What is the greatest common divisor of 13725187 and 74?
37
Calculate the greatest common divisor of 3759 and 133877859.
537
What is the greatest common divisor of 10197 and 101065866?
3399
What is the greatest common divisor of 5912 and 9848?
8
What is the highest common divisor of 62 and 726057789?
31
What is the greatest common divisor of 915 and 6601908?
183
Calculate the greatest common divisor of 639623106 and 34808.
8702
Calculate the greatest common factor of 40105 and 115067415.
3085
What is the greatest common divisor of 62 and 137114054?
62
What is the highest common factor of 1305 and 1696725?
45
What is the highest common divisor of 711191229 and 749?
749
What is the highest common divisor of 56898 and 247254?
174
Calculate the greatest common factor of 2248154171 and 974.
487
What is the highest common divisor of 481264 and 49008?
16
Calculate the greatest common divisor of 194454 and 518778.
702
What is the greatest common divisor of 6344 and 1502306?
26
Calculate the greatest common divisor of 70 and 2918320.
10
What is the highest common factor of 1265171 and 254237?
97
What is the highest common divisor of 671453 and 13603?
223
Calculate the greatest common divisor of 2164 and 27377846.
1082
What is the highest common divisor of 6974136 and 288?
72
What is the greatest common factor of 124 and 4898093?
31
What is the greatest common factor of 6215823 and 19168?
599
What is the greatest common factor of 14552 and 47072082?
3638
Calculate the highest common divisor of 23042 and 281670.
82
What is the greatest common factor of 26070 and 750090?
330
What is the greatest common factor of 2306632 and 9974792?
6184
What is the greatest common factor of 1125838 and 15389633?
9541
What is the highest common factor of 15808106 and 354?
118
What is the highest common factor of 9308 and 4656148?
716
Calculate the highest common factor of 104 and 479526164.
52
What is the highest common divisor of 688 and 3386617392?
688
Calculate the highest common divisor of 658 and 10043390.
14
Calculate the highest common factor of 3232 and 89597706.
202
Calculate the highest common divisor of 16017416 and 582.
194
Calculate the greatest common divisor of 4336573 and 2656400.
6641
What is the greatest common divisor of 12735 and 53109195?
4245
What is the greatest common divisor of 101439 and 6171?
51
What is the greatest common factor of 1833 and 29523?
39
What is the greatest common divisor of 7487244 and 54?
18
What is the greatest common divisor of 48433190 and 26?
26
Calculate the greatest common factor of 298067 and 8927.
79
What is the greatest common divisor of 56043134 and 230?
46
What is the highest common factor of 31977 and 269295759?
2907
Calculate the greatest common divisor of 850 and 1937800.
50
What is the highest common factor of 11760 and 725185104?
2352
Calculate the highest common factor of 529632 and 7101.
27
Calculate the greatest common divisor of 5810913 and 996.
249
What is the greatest common divisor of 3056 and 864466?
382
Calculate the greatest common divisor of 302861 and 468.
13
What is the highest common divisor of 7844802 and 852?
6
What is the greatest common factor of 38 and 22643022?
38
What is the highest common factor of 55692 and 65793?
273
What is the highest common factor of 176455618 and 921?
307
Calculate the highest common divisor of 267554 and 801850.
406
What is the highest common divisor of 5880 and 977340?
420
Calculate the greatest common divisor of 51092432 and 232.
232
What is the highest common factor of 15169 and 42427?
77
Calculate the highest common divisor of 346392 and 74664.
1224
What is the greatest common divisor of 4890 and 46020?
30
Calculate the highest common divisor of 134 and 59226.
2
Calculate the greatest common divisor of 5553 and 1119.
3
What is the highest common factor of 6134968 and 1253?
7
Calculate the greatest common factor of 26756560 and 16.
16
What is the greatest common divisor of 42045840 and 1920?
240
Calculate the greatest common divisor of 92054 and 84.
2
Calculate the highest common factor of 8497504 and 160.
32
What is the highest common divisor of 13237 and 2282315?
427
What is the highest common factor of 3612 and 33236592?
516
Calculate the greatest common factor of 82641606 and 12450.
498
What is the highest common factor of 28544 and 170944?
64
What is the highest common divisor of 98124 and 12138204?
2652
What is the greatest common factor of 447008 and 122732?
244
Calculate the greatest common factor of 5 and 38103985.
5
Calculate the greatest common factor of 168287 and 87491831.
5803
Calculate the highest common divisor of 279950164 and 1651.
1651
Calculate the highest common factor of 111241078 and 237536.
14846
What is the highest common divisor of 111309429 and 13167?
4389
Calculate the highest common divisor of 52 and 7390804.
4
What is the greatest common factor of 83870618 and 26?
26
Calculate the highest common factor of 110395731 and 718.
359
What is the greatest common factor of 73 and 3560794?
73
What is the greatest common divisor of 324 and 412011?
9
Calculate the greatest common factor of 239650972 and 748.
748
Calculate the greatest common factor of 45 and 4271055.
15
What is the highest common factor of 3879489 and 3435?
687
What is the greatest common factor of 203586 and 972?
6
Calculate the greatest common factor of 8786308 and 57324.
1124
Calculate the greatest common factor of 7 and 88115048.
7
Calculate the greatest common divisor of 242369692 and 628.
628
What is the greatest common factor of 109268 and 126024?
236
What is the greatest common divisor of 12 and 9284826?
6
Calculate the highest common factor of 914376 and 24720.
24
Calculate the highest common factor of 13038890 and 30530.
430
What is the greatest common factor of 2976 and 1340904?
24
Calculate the greatest common factor of 39624466 and 13427.
463
Calculate the highest common divisor of 338107488 and 12.
12
Calculate the highest common divisor of 247435 and 5084615.
3485
What is the highest common divisor of 4510075 and 5148580?
10135
What is the greatest common divisor of 145347 and 39?
3
What is the greatest common factor of 1203 and 67821531?
1203
Calculate the greatest common factor of 73278549 and 4527.
4527
What is the highest common divisor of 3340832 and 128?
32
Calculate the highest common factor of 140 and 128006740.
20
Calculate the highest common divisor of 67477640 and 23680.
1480
Calculate the highest common factor of 7461103 and 10.
1
What is the greatest common divisor of 64 and 721814?
2
What is the greatest common factor of 1049702 and 300184?
314
Calculate the greatest common divisor of 899910 and 572.
22
Calculate the greatest common factor of 1959 and 405021291.
1959
What is the highest common factor of 1937637 and 117?
117
What is the highest common divisor of 36 and 1507856?
4
Calculate the greatest common divisor of 10014 and 297312322.
3338
Calculate the highest common divisor of 612 and 20049426.
306
What is the highest common factor of 80929530 and 69750?
2790
Calculate the greatest common divisor of 904 and 451687668.
452
What is the greatest common divisor of 240813807 and 156?
39
Calculate the greatest common factor of 155382674 and 33612.
5602
What is the greatest common divisor of 301 and 889283?
43
What is the highest common factor of 22306671 and 3996?
999
What is the highest common factor of 2299 and 361760?
19
What is the highest common divisor of 2772 and 177176538?
1386
What is the highest common divisor of 308 and 2073316?
28
What is the greatest common factor of 1082 and 3830?
2
What is the highest common factor of 984 and 365334?
6
What is the highest common divis